18.
14
Calculate the remainder when 17103 is divided by 1227.
1152
What is the remainder when 10734 is divided by 103?
22
What is the remainder when 5146 is divided by 178?
162
Calculate the remainder when 20589 is divided by 6860.
9
What is the remainder when 662455 is divided by 857?
851
Calculate the remainder when 6489 is divided by 550.
439
Calculate the remainder when 2100 is divided by 804.
492
Calculate the remainder when 2352 is divided by 1167.
18
Calculate the remainder when 207193 is divided by 169.
168
What is the remainder when 4626 is divided by 467?
423
What is the remainder when 3845 is divided by 61?
2
What is the remainder when 9470 is divided by 3112?
134
Calculate the remainder when 185564 is divided by 261.
254
What is the remainder when 56289 is divided by 114?
87
Calculate the remainder when 5270 is divided by 4428.
842
Calculate the remainder when 8748 is divided by 70.
68
Calculate the remainder when 1145 is divided by 866.
279
What is the remainder when 5010 is divided by 551?
51
What is the remainder when 439 is divided by 121?
76
What is the remainder when 2499 is divided by 195?
159
Calculate the remainder when 34370 is divided by 22.
6
What is the remainder when 196721 is divided by 274?
263
What is the remainder when 3178 is divided by 1270?
638
What is the remainder when 6497 is divided by 495?
62
What is the remainder when 707071 is divided by 12?
7
Calculate the remainder when 6049 is divided by 1510.
9
Calculate the remainder when 201 is divided by 100.
1
What is the remainder when 192377 is divided by 556?
1
What is the remainder when 1284 is divided by 15?
9
What is the remainder when 137391 is divided by 133?
2
What is the remainder when 6922 is divided by 89?
69
Calculate the remainder when 16863 is divided by 187.
33
Calculate the remainder when 63673 is divided by 320.
313
What is the remainder when 8099 is divided by 4020?
59
What is the remainder when 138930 is divided by 103?
86
What is the remainder when 1351853 is divided by 663?
659
Calculate the remainder when 2618 is divided by 288.
26
Calculate the remainder when 78495 is divided by 18.
15
What is the remainder when 179409 is divided by 481?
477
Calculate the remainder when 133118 is divided by 85.
8
Calculate the remainder when 40071 is divided by 12951.
1218
Calculate the remainder when 5799 is divided by 735.
654
Calculate the remainder when 54780 is divided by 26.
24
What is the remainder when 133202 is divided by 123?
116
Calculate the remainder when 2899 is divided by 880.
259
What is the remainder when 540562 is divided by 237?
202
Calculate the remainder when 99861 is divided by 221.
190
Calculate the remainder when 1917 is divided by 379.
22
Calculate the remainder when 2655 is divided by 101.
29
Calculate the remainder when 39767 is divided by 1986.
47
Calculate the remainder when 526059 is divided by 308.
303
Calculate the remainder when 126039 is divided by 14.
11
What is the remainder when 3239206 is divided by 65?
61
Calculate the remainder when 3384 is divided by 43.
30
What is the remainder when 16057 is divided by 759?
118
Calculate the remainder when 1642114 is divided by 339.
337
What is the remainder when 10154 is divided by 1015?
4
What is the remainder when 19667 is divided by 172?
59
What is the remainder when 98100 is divided by 633?
618
Calculate the remainder when 564955 is divided by 22.
17
What is the remainder when 55590 is divided by 43?
34
What is the remainder when 57969 is divided by 11593?
4
Calculate the remainder when 278187 is divided by 53.
43
Calculate the remainder when 1232 is divided by 1126.
106
What is the remainder when 2924 is divided by 14?
12
What is the remainder when 3724 is divided by 909?
88
What is the remainder when 989832 is divided by 810?
12
What is the remainder when 21535 is divided by 7168?
31
What is the remainder when 185143 is divided by 1447?
1374
What is the remainder when 2563 is divided by 2560?
3
What is the remainder when 24799 is divided by 753?
703
Calculate the remainder when 2027 is divided by 126.
11
What is the remainder when 80264 is divided by 11?
8
What is the remainder when 32155 is divided by 5359?
1
What is the remainder when 74382 is divided by 18592?
14
Calculate the remainder when 14363 is divided by 145.
8
What is the remainder when 303874 is divided by 7?
4
Calculate the remainder when 39973 is divided by 6659.
19
Calculate the remainder when 4136 is divided by 504.
104
What is the remainder when 8784 is divided by 169?
165
What is the remainder when 2393619 is divided by 11?
8
Calculate the remainder when 1966 is divided by 945.
76
What is the remainder when 1648 is divided by 349?
252
What is the remainder when 3819 is divided by 3810?
9
What is the remainder when 153888 is divided by 121?
97
Calculate the remainder when 7939016 is divided by 11.
8
What is the remainder when 122725 is divided by 61359?
7
What is the remainder when 611 is divided by 155?
146
What is the remainder when 13996289 is divided by 2409?
2408
What is the remainder when 39879 is divided by 6?
3
What is the remainder when 19880 is divided by 1453?
991
Calculate the remainder when 169258 is divided by 186.
184
What is the remainder when 9558 is divided by 434?
10
Calculate the remainder when 2830 is divided by 124.
102
What is the remainder when 345046 is divided by 526?
516
What is the remainder when 45925 is divided by 56?
5
Calculate the remainder when 218219 is divided by 913.
12
Calculate the remainder when 42292 is divided by 23.
18
What is the remainder when 41170 is divided by 146?
144
Calculate the remainder when 1606 is divided by 638.
330
Calculate the remainder when 14049 is divided by 589.
502
What is the remainder when 30061 is divided by 1306?
23
What is the remainder when 58102 is divided by 54?
52
What is the remainder when 746452 is divided by 82939?
1
What is the remainder when 1213602 is divided by 149?
146
What is the remainder when 22273 is divided by 293?
5
What is the remainder when 906 is divided by 898?
8
What is the remainder when 110046 is divided by 1342?
2
What is the remainder when 25311 is divided by 87?
81
What is the remainder when 7813 is divided by 340?
333
Calculate the remainder when 28834 is divided by 27.
25
What is the remainder when 82764 is divided by 2672?
2604
What is the remainder when 17355 is divided by 141?
12
Calculate the remainder when 55966 is divided by 25.
16
What is the remainder when 1807 is divided by 119?
22
Calculate the remainder when 123225 is divided by 1895.
50
What is the remainder when 1086 is divided by 106?
26
Calculate the remainder when 12981 is divided by 17.
10
Calculate the remainder when 214206 is divided by 71402.
0
Calculate the remainder when 25796 is divided by 600.
596
What is the remainder when 17340 is divided by 667?
665
Calculate the remainder when 4820 is divided by 1085.
480
Calculate the remainder when 130718 is divided by 38.
36
Calculate the remainder when 490 is divided by 148.
46
What is the remainder when 1518 is divided by 84?
6
Calculate the remainder when 4404 is divided by 4291.
113
What is the remainder when 673419 is divided by 199?
3
Calculate the remainder when 13613 is divided by 4512.
77
What is the remainder when 321380 is divided by 263?
257
What is the remainder when 167495 is divided by 92?
55
Calculate the remainder when 4609 is divided by 50.
9
What is the remainder when 89392 is divided by 181?
159
Calculate the remainder when 26321 is divided by 399.
386
What is the remainder when 1142653 is divided by 95221?
1
What is the remainder when 209404 is divided by 387?
37
Calculate the remainder when 13608 is divided by 366.
66
Calculate the remainder when 205406 is divided by 2162.
16
Calculate the remainder when 187404 is divided by 1453.
1420
What is the remainder when 2048 is divided by 378?
158
Calculate the remainder when 2303 is divided by 1151.
1
What is the remainder when 8042 is divided by 3966?
110
Calculate the remainder when 4600 is divided by 1425.
325
What is the remainder when 159438 is divided by 312?
6
Calculate the remainder when 901946 is divided by 35.
31
Calculate the remainder when 38622 is divided by 6.
0
What is the remainder when 4118 is divided by 928?
